{"id":333,"date":"2025-09-15T12:48:06","date_gmt":"2025-09-15T10:48:06","guid":{"rendered":"https:\/\/boutique.annesophiegindroz.com\/?post_type=product&#038;p=333"},"modified":"2025-09-15T13:24:56","modified_gmt":"2025-09-15T11:24:56","slug":"au-laos-la-repression-silencieuse","status":"publish","type":"product","link":"https:\/\/boutique.annesophiegindroz.com\/index.php\/produit\/au-laos-la-repression-silencieuse\/","title":{"rendered":"Au Laos, La R\u00e9pression Silencieuse"},"content":{"rendered":"<p>Livre broch\u00e9, 275 pages, 20,5 cm x 14 cm<\/p>\n","protected":false},"excerpt":{"rendered":"<p>Le d\u00e9veloppement peut \u00eatre une machine \u00e0 broyer les hommes. Au Laos, petit pays enclav\u00e9 d\u2019Asie du Sud-Est r\u00e9put\u00e9 pour ses \u00e9l\u00e9phants et la gentillesse de ses habitants, des projets pharaoniques de barrages et de centrales \u00e9lectriques d\u00e9figurent les paysages et font dispara\u00eetre des villages entiers. Ce livre raconte ce que trop d\u2019officiels pr\u00e9f\u00e8rent taire et t\u00e9moigne de la disparition forc\u00e9e de Sombath Somphone, un \u00e9ducateur et leader communautaire au Laos.<\/p>\n","protected":false},"featured_media":326,"comment_status":"open","ping_status":"closed","template":"","meta":[],"product_brand":[],"product_cat":[27],"product_tag":[],"class_list":{"0":"post-333","1":"product","2":"type-product","3":"status-publish","4":"has-post-thumbnail","6":"product_cat-recit","8":"first","9":"instock","10":"shipping-taxable","11":"purchasable","12":"product-type-simple"},"yoast_head":"<!-- This site is optimized with the Yoast SEO plugin v27.5 - https:\/\/yoast.com\/product\/yoast-seo-wordpress\/ -->\n<title>Au Laos, La R\u00e9pression Silencieuse -<\/title>\n<meta name=\"description\" content=\"Au Laos, la r\u00e9pression r\u00e9duit au silence celles et ceux qui s&#039;interrogent sur un d\u00e9veloppement parfois destructeur. Ce livre leur donne la parole.\" \/>\n<meta name=\"robots\" content=\"index, follow, max-snippet:-1, max-image-preview:large, max-video-preview:-1\" \/>\n<link rel=\"canonical\" href=\"https:\/\/boutique.annesophiegindroz.com\/index.php\/produit\/au-laos-la-repression-silencieuse\/\" \/>\n<meta property=\"og:locale\" content=\"fr_FR\" \/>\n<meta property=\"og:type\" content=\"article\" \/>\n<meta property=\"og:title\" content=\"Au Laos, La R\u00e9pression Silencieuse -\" \/>\n<meta property=\"og:description\" content=\"Au Laos, la r\u00e9pression r\u00e9duit au silence celles et ceux qui s&#039;interrogent sur un d\u00e9veloppement parfois destructeur. Ce livre leur donne la parole.\" \/>\n<meta property=\"og:url\" content=\"https:\/\/boutique.annesophiegindroz.com\/index.php\/produit\/au-laos-la-repression-silencieuse\/\" \/>\n<meta property=\"article:modified_time\" content=\"2025-09-15T11:24:56+00:00\" \/>\n<meta property=\"og:image\" content=\"https:\/\/boutique.annesophiegindroz.com\/wp-content\/uploads\/2025\/09\/Au-Laos-la-Repression-Silencieuse.jpg\" \/>\n\t<meta property=\"og:image:width\" content=\"1080\" \/>\n\t<meta property=\"og:image:height\" content=\"1080\" \/>\n\t<meta property=\"og:image:type\" content=\"image\/jpeg\" \/>\n<meta name=\"twitter:card\" content=\"summary_large_image\" \/>\n<meta name=\"twitter:label1\" content=\"Dur\u00e9e de lecture estim\u00e9e\" \/>\n\t<meta name=\"twitter:data1\" content=\"1 minute\" \/>\n<script type=\"application\/ld+json\" class=\"yoast-schema-graph\">{\"@context\":\"https:\\\/\\\/schema.org\",\"@graph\":[{\"@type\":\"WebPage\",\"@id\":\"https:\\\/\\\/boutique.annesophiegindroz.com\\\/index.php\\\/produit\\\/au-laos-la-repression-silencieuse\\\/\",\"url\":\"https:\\\/\\\/boutique.annesophiegindroz.com\\\/index.php\\\/produit\\\/au-laos-la-repression-silencieuse\\\/\",\"name\":\"Au Laos, La R\u00e9pression Silencieuse -\",\"isPartOf\":{\"@id\":\"https:\\\/\\\/boutique.annesophiegindroz.com\\\/#website\"},\"primaryImageOfPage\":{\"@id\":\"https:\\\/\\\/boutique.annesophiegindroz.com\\\/index.php\\\/produit\\\/au-laos-la-repression-silencieuse\\\/#primaryimage\"},\"image\":{\"@id\":\"https:\\\/\\\/boutique.annesophiegindroz.com\\\/index.php\\\/produit\\\/au-laos-la-repression-silencieuse\\\/#primaryimage\"},\"thumbnailUrl\":\"https:\\\/\\\/boutique.annesophiegindroz.com\\\/wp-content\\\/uploads\\\/2025\\\/09\\\/Au-Laos-la-Repression-Silencieuse.jpg\",\"datePublished\":\"2025-09-15T10:48:06+00:00\",\"dateModified\":\"2025-09-15T11:24:56+00:00\",\"description\":\"Au Laos, la r\u00e9pression r\u00e9duit au silence celles et ceux qui s'interrogent sur un d\u00e9veloppement parfois destructeur. Ce livre leur donne la parole.\",\"breadcrumb\":{\"@id\":\"https:\\\/\\\/boutique.annesophiegindroz.com\\\/index.php\\\/produit\\\/au-laos-la-repression-silencieuse\\\/#breadcrumb\"},\"inLanguage\":\"fr-FR\",\"potentialAction\":[{\"@type\":\"ReadAction\",\"target\":[\"https:\\\/\\\/boutique.annesophiegindroz.com\\\/index.php\\\/produit\\\/au-laos-la-repression-silencieuse\\\/\"]}]},{\"@type\":\"ImageObject\",\"inLanguage\":\"fr-FR\",\"@id\":\"https:\\\/\\\/boutique.annesophiegindroz.com\\\/index.php\\\/produit\\\/au-laos-la-repression-silencieuse\\\/#primaryimage\",\"url\":\"https:\\\/\\\/boutique.annesophiegindroz.com\\\/wp-content\\\/uploads\\\/2025\\\/09\\\/Au-Laos-la-Repression-Silencieuse.jpg\",\"contentUrl\":\"https:\\\/\\\/boutique.annesophiegindroz.com\\\/wp-content\\\/uploads\\\/2025\\\/09\\\/Au-Laos-la-Repression-Silencieuse.jpg\",\"width\":1080,\"height\":1080,\"caption\":\"Couverture au Laos,la r\u00e9pression silencieuse\"},{\"@type\":\"BreadcrumbList\",\"@id\":\"https:\\\/\\\/boutique.annesophiegindroz.com\\\/index.php\\\/produit\\\/au-laos-la-repression-silencieuse\\\/#breadcrumb\",\"itemListElement\":[{\"@type\":\"ListItem\",\"position\":1,\"name\":\"Accueil\",\"item\":\"https:\\\/\\\/boutique.annesophiegindroz.com\\\/\"},{\"@type\":\"ListItem\",\"position\":2,\"name\":\"Boutique France\",\"item\":\"https:\\\/\\\/boutique.annesophiegindroz.com\\\/\"},{\"@type\":\"ListItem\",\"position\":3,\"name\":\"Au Laos, La R\u00e9pression Silencieuse\"}]},{\"@type\":\"WebSite\",\"@id\":\"https:\\\/\\\/boutique.annesophiegindroz.com\\\/#website\",\"url\":\"https:\\\/\\\/boutique.annesophiegindroz.com\\\/\",\"name\":\"\",\"description\":\"\",\"publisher\":{\"@id\":\"https:\\\/\\\/boutique.annesophiegindroz.com\\\/#organization\"},\"potentialAction\":[{\"@type\":\"SearchAction\",\"target\":{\"@type\":\"EntryPoint\",\"urlTemplate\":\"https:\\\/\\\/boutique.annesophiegindroz.com\\\/?s={search_term_string}\"},\"query-input\":{\"@type\":\"PropertyValueSpecification\",\"valueRequired\":true,\"valueName\":\"search_term_string\"}}],\"inLanguage\":\"fr-FR\"},{\"@type\":\"Organization\",\"@id\":\"https:\\\/\\\/boutique.annesophiegindroz.com\\\/#organization\",\"name\":\"La Boutique d'Anne Sophie Gindroz\",\"alternateName\":\"La Boutique\",\"url\":\"https:\\\/\\\/boutique.annesophiegindroz.com\\\/\",\"logo\":{\"@type\":\"ImageObject\",\"inLanguage\":\"fr-FR\",\"@id\":\"https:\\\/\\\/boutique.annesophiegindroz.com\\\/#\\\/schema\\\/logo\\\/image\\\/\",\"url\":\"https:\\\/\\\/boutique.annesophiegindroz.com\\\/wp-content\\\/uploads\\\/2024\\\/03\\\/Screen-Shot-2024-03-07-at-02.56.17.png\",\"contentUrl\":\"https:\\\/\\\/boutique.annesophiegindroz.com\\\/wp-content\\\/uploads\\\/2024\\\/03\\\/Screen-Shot-2024-03-07-at-02.56.17.png\",\"width\":241,\"height\":116,\"caption\":\"La Boutique d'Anne Sophie Gindroz\"},\"image\":{\"@id\":\"https:\\\/\\\/boutique.annesophiegindroz.com\\\/#\\\/schema\\\/logo\\\/image\\\/\"}}]}<\/script>\n<!-- \/ Yoast SEO plugin. -->","yoast_head_json":{"title":"Au Laos, La R\u00e9pression Silencieuse -","description":"Au Laos, la r\u00e9pression r\u00e9duit au silence celles et ceux qui s'interrogent sur un d\u00e9veloppement parfois destructeur. Ce livre leur donne la parole.","robots":{"index":"index","follow":"follow","max-snippet":"max-snippet:-1","max-image-preview":"max-image-preview:large","max-video-preview":"max-video-preview:-1"},"canonical":"https:\/\/boutique.annesophiegindroz.com\/index.php\/produit\/au-laos-la-repression-silencieuse\/","og_locale":"fr_FR","og_type":"article","og_title":"Au Laos, La R\u00e9pression Silencieuse -","og_description":"Au Laos, la r\u00e9pression r\u00e9duit au silence celles et ceux qui s'interrogent sur un d\u00e9veloppement parfois destructeur. Ce livre leur donne la parole.","og_url":"https:\/\/boutique.annesophiegindroz.com\/index.php\/produit\/au-laos-la-repression-silencieuse\/","article_modified_time":"2025-09-15T11:24:56+00:00","og_image":[{"width":1080,"height":1080,"url":"https:\/\/boutique.annesophiegindroz.com\/wp-content\/uploads\/2025\/09\/Au-Laos-la-Repression-Silencieuse.jpg","type":"image\/jpeg"}],"twitter_card":"summary_large_image","twitter_misc":{"Dur\u00e9e de lecture estim\u00e9e":"1 minute"},"schema":{"@context":"https:\/\/schema.org","@graph":[{"@type":"WebPage","@id":"https:\/\/boutique.annesophiegindroz.com\/index.php\/produit\/au-laos-la-repression-silencieuse\/","url":"https:\/\/boutique.annesophiegindroz.com\/index.php\/produit\/au-laos-la-repression-silencieuse\/","name":"Au Laos, La R\u00e9pression Silencieuse -","isPartOf":{"@id":"https:\/\/boutique.annesophiegindroz.com\/#website"},"primaryImageOfPage":{"@id":"https:\/\/boutique.annesophiegindroz.com\/index.php\/produit\/au-laos-la-repression-silencieuse\/#primaryimage"},"image":{"@id":"https:\/\/boutique.annesophiegindroz.com\/index.php\/produit\/au-laos-la-repression-silencieuse\/#primaryimage"},"thumbnailUrl":"https:\/\/boutique.annesophiegindroz.com\/wp-content\/uploads\/2025\/09\/Au-Laos-la-Repression-Silencieuse.jpg","datePublished":"2025-09-15T10:48:06+00:00","dateModified":"2025-09-15T11:24:56+00:00","description":"Au Laos, la r\u00e9pression r\u00e9duit au silence celles et ceux qui s'interrogent sur un d\u00e9veloppement parfois destructeur. Ce livre leur donne la parole.","breadcrumb":{"@id":"https:\/\/boutique.annesophiegindroz.com\/index.php\/produit\/au-laos-la-repression-silencieuse\/#breadcrumb"},"inLanguage":"fr-FR","potentialAction":[{"@type":"ReadAction","target":["https:\/\/boutique.annesophiegindroz.com\/index.php\/produit\/au-laos-la-repression-silencieuse\/"]}]},{"@type":"ImageObject","inLanguage":"fr-FR","@id":"https:\/\/boutique.annesophiegindroz.com\/index.php\/produit\/au-laos-la-repression-silencieuse\/#primaryimage","url":"https:\/\/boutique.annesophiegindroz.com\/wp-content\/uploads\/2025\/09\/Au-Laos-la-Repression-Silencieuse.jpg","contentUrl":"https:\/\/boutique.annesophiegindroz.com\/wp-content\/uploads\/2025\/09\/Au-Laos-la-Repression-Silencieuse.jpg","width":1080,"height":1080,"caption":"Couverture au Laos,la r\u00e9pression silencieuse"},{"@type":"BreadcrumbList","@id":"https:\/\/boutique.annesophiegindroz.com\/index.php\/produit\/au-laos-la-repression-silencieuse\/#breadcrumb","itemListElement":[{"@type":"ListItem","position":1,"name":"Accueil","item":"https:\/\/boutique.annesophiegindroz.com\/"},{"@type":"ListItem","position":2,"name":"Boutique France","item":"https:\/\/boutique.annesophiegindroz.com\/"},{"@type":"ListItem","position":3,"name":"Au Laos, La R\u00e9pression Silencieuse"}]},{"@type":"WebSite","@id":"https:\/\/boutique.annesophiegindroz.com\/#website","url":"https:\/\/boutique.annesophiegindroz.com\/","name":"","description":"","publisher":{"@id":"https:\/\/boutique.annesophiegindroz.com\/#organization"},"potentialAction":[{"@type":"SearchAction","target":{"@type":"EntryPoint","urlTemplate":"https:\/\/boutique.annesophiegindroz.com\/?s={search_term_string}"},"query-input":{"@type":"PropertyValueSpecification","valueRequired":true,"valueName":"search_term_string"}}],"inLanguage":"fr-FR"},{"@type":"Organization","@id":"https:\/\/boutique.annesophiegindroz.com\/#organization","name":"La Boutique d'Anne Sophie Gindroz","alternateName":"La Boutique","url":"https:\/\/boutique.annesophiegindroz.com\/","logo":{"@type":"ImageObject","inLanguage":"fr-FR","@id":"https:\/\/boutique.annesophiegindroz.com\/#\/schema\/logo\/image\/","url":"https:\/\/boutique.annesophiegindroz.com\/wp-content\/uploads\/2024\/03\/Screen-Shot-2024-03-07-at-02.56.17.png","contentUrl":"https:\/\/boutique.annesophiegindroz.com\/wp-content\/uploads\/2024\/03\/Screen-Shot-2024-03-07-at-02.56.17.png","width":241,"height":116,"caption":"La Boutique d'Anne Sophie Gindroz"},"image":{"@id":"https:\/\/boutique.annesophiegindroz.com\/#\/schema\/logo\/image\/"}}]}},"_links":{"self":[{"href":"https:\/\/boutique.annesophiegindroz.com\/index.php\/wp-json\/wp\/v2\/product\/333","targetHints":{"allow":["GET"]}}],"collection":[{"href":"https:\/\/boutique.annesophiegindroz.com\/index.php\/wp-json\/wp\/v2\/product"}],"about":[{"href":"https:\/\/boutique.annesophiegindroz.com\/index.php\/wp-json\/wp\/v2\/types\/product"}],"replies":[{"embeddable":true,"href":"https:\/\/boutique.annesophiegindroz.com\/index.php\/wp-json\/wp\/v2\/comments?post=333"}],"wp:featuredmedia":[{"embeddable":true,"href":"https:\/\/boutique.annesophiegindroz.com\/index.php\/wp-json\/wp\/v2\/media\/326"}],"wp:attachment":[{"href":"https:\/\/boutique.annesophiegindroz.com\/index.php\/wp-json\/wp\/v2\/media?parent=333"}],"wp:term":[{"taxonomy":"product_brand","embeddable":true,"href":"https:\/\/boutique.annesophiegindroz.com\/index.php\/wp-json\/wp\/v2\/product_brand?post=333"},{"taxonomy":"product_cat","embeddable":true,"href":"https:\/\/boutique.annesophiegindroz.com\/index.php\/wp-json\/wp\/v2\/product_cat?post=333"},{"taxonomy":"product_tag","embeddable":true,"href":"https:\/\/boutique.annesophiegindroz.com\/index.php\/wp-json\/wp\/v2\/product_tag?post=333"}],"curies":[{"name":"wp","href":"https:\/\/api.w.org\/{rel}","templated":true}]}}

Au Laos, La Répression Silencieuse

<p>Livre broché, 275 pages, 20,5 cm x 14 cm</p>

<p>Le développement peut être une machine à broyer les hommes. Au Laos, petit pays enclavé d’Asie du Sud-Est réputé pour ses éléphants et la gentillesse de ses habitants, des projets pharaoniques de barrages et de centrales électriques défigurent les paysages et font disparaître des villages entiers. Ce livre raconte ce que trop d’officiels préfèrent taire et témoigne de la disparition forcée de Sombath Somphone, un éducateur et leader communautaire au Laos.</p>

<!-- This site is optimized with the Yoast SEO plugin v27.5 - https://yoast.com/product/yoast-seo-wordpress/ -->
<title>Au Laos, La Répression Silencieuse -</title>
<meta name="description" content="Au Laos, la répression réduit au silence celles et ceux qui s&#039;interrogent sur un développement parfois destructeur. Ce livre leur donne la parole." />
<meta name="robots" content="index, follow, max-snippet:-1, max-image-preview:large, max-video-preview:-1" />
<link rel="canonical" href="https://boutique.annesophiegindroz.com/index.php/produit/au-laos-la-repression-silencieuse/" />
<meta property="og:locale" content="fr_FR" />
<meta property="og:type" content="article" />
<meta property="og:title" content="Au Laos, La Répression Silencieuse -" />
<meta property="og:description" content="Au Laos, la répression réduit au silence celles et ceux qui s&#039;interrogent sur un développement parfois destructeur. Ce livre leur donne la parole." />
<meta property="og:url" content="https://boutique.annesophiegindroz.com/index.php/produit/au-laos-la-repression-silencieuse/" />
<meta property="article:modified_time" content="2025-09-15T11:24:56+00:00" />
<meta property="og:image" content="https://boutique.annesophiegindroz.com/wp-content/uploads/2025/09/Au-Laos-la-Repression-Silencieuse.jpg" />
	<meta property="og:image:width" content="1080" />
	<meta property="og:image:height" content="1080" />
	<meta property="og:image:type" content="image/jpeg" />
<meta name="twitter:card" content="summary_large_image" />
<meta name="twitter:label1" content="Durée de lecture estimée" />
	<meta name="twitter:data1" content="1 minute" />
<script type="application/ld+json" class="yoast-schema-graph">{"@context":"https:\/\/schema.org","@graph":[{"@type":"WebPage","@id":"https:\/\/boutique.annesophiegindroz.com\/index.php\/produit\/au-laos-la-repression-silencieuse\/","url":"https:\/\/boutique.annesophiegindroz.com\/index.php\/produit\/au-laos-la-repression-silencieuse\/","name":"Au Laos, La Répression Silencieuse -","isPartOf":{"@id":"https:\/\/boutique.annesophiegindroz.com\/#website"},"primaryImageOfPage":{"@id":"https:\/\/boutique.annesophiegindroz.com\/index.php\/produit\/au-laos-la-repression-silencieuse\/#primaryimage"},"image":{"@id":"https:\/\/boutique.annesophiegindroz.com\/index.php\/produit\/au-laos-la-repression-silencieuse\/#primaryimage"},"thumbnailUrl":"https:\/\/boutique.annesophiegindroz.com\/wp-content\/uploads\/2025\/09\/Au-Laos-la-Repression-Silencieuse.jpg","datePublished":"2025-09-15T10:48:06+00:00","dateModified":"2025-09-15T11:24:56+00:00","description":"Au Laos, la répression réduit au silence celles et ceux qui s'interrogent sur un développement parfois destructeur. Ce livre leur donne la parole.","breadcrumb":{"@id":"https:\/\/boutique.annesophiegindroz.com\/index.php\/produit\/au-laos-la-repression-silencieuse\/#breadcrumb"},"inLanguage":"fr-FR","potentialAction":[{"@type":"ReadAction","target":["https:\/\/boutique.annesophiegindroz.com\/index.php\/produit\/au-laos-la-repression-silencieuse\/"]}]},{"@type":"ImageObject","inLanguage":"fr-FR","@id":"https:\/\/boutique.annesophiegindroz.com\/index.php\/produit\/au-laos-la-repression-silencieuse\/#primaryimage","url":"https:\/\/boutique.annesophiegindroz.com\/wp-content\/uploads\/2025\/09\/Au-Laos-la-Repression-Silencieuse.jpg","contentUrl":"https:\/\/boutique.annesophiegindroz.com\/wp-content\/uploads\/2025\/09\/Au-Laos-la-Repression-Silencieuse.jpg","width":1080,"height":1080,"caption":"Couverture au Laos,la répression silencieuse"},{"@type":"BreadcrumbList","@id":"https:\/\/boutique.annesophiegindroz.com\/index.php\/produit\/au-laos-la-repression-silencieuse\/#breadcrumb","itemListElement":[{"@type":"ListItem","position":1,"name":"Accueil","item":"https:\/\/boutique.annesophiegindroz.com\/"},{"@type":"ListItem","position":2,"name":"Boutique France","item":"https:\/\/boutique.annesophiegindroz.com\/"},{"@type":"ListItem","position":3,"name":"Au Laos, La Répression Silencieuse"}]},{"@type":"WebSite","@id":"https:\/\/boutique.annesophiegindroz.com\/#website","url":"https:\/\/boutique.annesophiegindroz.com\/","name":"","description":"","publisher":{"@id":"https:\/\/boutique.annesophiegindroz.com\/#organization"},"potentialAction":[{"@type":"SearchAction","target":{"@type":"EntryPoint","urlTemplate":"https:\/\/boutique.annesophiegindroz.com\/?s={search_term_string}"},"query-input":{"@type":"PropertyValueSpecification","valueRequired":true,"valueName":"search_term_string"}}],"inLanguage":"fr-FR"},{"@type":"Organization","@id":"https:\/\/boutique.annesophiegindroz.com\/#organization","name":"La Boutique d'Anne Sophie Gindroz","alternateName":"La Boutique","url":"https:\/\/boutique.annesophiegindroz.com\/","logo":{"@type":"ImageObject","inLanguage":"fr-FR","@id":"https:\/\/boutique.annesophiegindroz.com\/#\/schema\/logo\/image\/","url":"https:\/\/boutique.annesophiegindroz.com\/wp-content\/uploads\/2024\/03\/Screen-Shot-2024-03-07-at-02.56.17.png","contentUrl":"https:\/\/boutique.annesophiegindroz.com\/wp-content\/uploads\/2024\/03\/Screen-Shot-2024-03-07-at-02.56.17.png","width":241,"height":116,"caption":"La Boutique d'Anne Sophie Gindroz"},"image":{"@id":"https:\/\/boutique.annesophiegindroz.com\/#\/schema\/logo\/image\/"}}]}</script>
<!-- / Yoast SEO plugin. -->

Au Laos, La Répression Silencieuse -

Au Laos, la répression réduit au silence celles et ceux qui s'interrogent sur un développement parfois destructeur. Ce livre leur donne la parole.

Couverture au Laos,la répression silencieuse
